{"id":14,"date":"2024-05-04T10:43:15","date_gmt":"2024-05-04T08:43:15","guid":{"rendered":"https:\/\/mcp-data-solutions.fr\/?page_id=14"},"modified":"2024-09-09T15:26:31","modified_gmt":"2024-09-09T13:26:31","slug":"accueil","status":"publish","type":"page","link":"https:\/\/mcp-data-solutions.fr\/","title":{"rendered":"Accueil"},"content":{"rendered":"\n<div class=\"wp-block-group alignfull has-background is-layout-flow wp-block-group-is-layout-flow\" style=\"border-radius:50px;background:linear-gradient(135deg,rgb(252,185,0) 0%,rgb(255,89,114) 100%);margin-top:0;margin-bottom:0;padding-top:var(--wp--preset--spacing--60);padding-bottom:var(--wp--preset--spacing--60)\">\n<h1 class=\"wp-block-heading alignfull has-text-align-center has-white-color has-text-color has-background has-link-color has-x-large-font-size wp-elements-d99d58a6517bd07741560f61b34d9ae0\" style=\"background-color:#b0421e00;padding-top:var(--wp--preset--spacing--40);padding-right:0;padding-bottom:var(--wp--preset--spacing--40);padding-left:0\">MCP Data Solutions, le partenaire dans vos projets data<\/h1>\n\n\n\n<p class=\"has-ast-global-color-4-color has-text-color has-link-color wp-elements-982d597ac3172547e97624075f3bafbc\">Vos donn\u00e9es sont pr\u00e9cieuses, exploitez-les ! MCP Data Solutions vous accompagne dans votre d\u00e9marche de transformation num\u00e9rique et de valorisation de votre capital data. Vous \u00eates une administration ou une entreprise et souhaitez booster votre activit\u00e9 ? Nos experts vous conseillent, forment et r\u00e9alisent des prestations dimensionn\u00e9es \u00e0 vos besoins.<\/p>\n\n\n\n<div class=\"wp-block-buttons is-horizontal is-content-justification-right is-layout-flex wp-container-core-buttons-is-layout-30af2ff6 wp-block-buttons-is-layout-flex\" id=\"nous-contacter\">\n<div class=\"wp-block-button\"><a class=\"wp-block-button__link wp-element-button\" href=\"https:\/\/mcp-data-solutions.fr\/index.php\/contact-us\/\">Nous contacter<\/a><\/div>\n<\/div>\n<\/div>\n\n\n\n<div class=\"wp-block-group alignfull is-layout-flow wp-block-group-is-layout-flow\" style=\"border-radius:50px;margin-top:var(--wp--preset--spacing--70);margin-bottom:var(--wp--preset--spacing--70);padding-top:var(--wp--preset--spacing--60);padding-bottom:var(--wp--preset--spacing--60)\">\n<h3 class=\"wp-block-heading\">La donn\u00e9e dans les entreprises aujourd&#8217;hui, c&#8217;est : <\/h3>\n\n\n\n<div class=\"wp-block-group is-content-justification-center is-layout-constrained wp-block-group-is-layout-constrained\">\n<div class=\"wp-block-group is-layout-grid wp-container-core-group-is-layout-bcb8ac2c wp-block-group-is-layout-grid\">\n<div class=\"wp-block-group wp-container-content-d2eb3c98 is-vertical is-content-justification-center is-layout-flex wp-container-core-group-is-layout-e3155fb1 wp-block-group-is-layout-flex\" style=\"border-style:none;border-width:0px;border-radius:25px;padding-top:0;padding-right:0;padding-bottom:0;padding-left:0\">\n<div class=\"wp-block-group alignfull has-border-color has-luminous-vivid-amber-border-color is-layout-flow wp-container-core-group-is-layout-3d59babb wp-block-group-is-layout-flow\" style=\"border-width:2px;border-radius:100px;margin-top:var(--wp--preset--spacing--30);margin-bottom:var(--wp--preset--spacing--30);padding-top:var(--wp--preset--spacing--20);padding-bottom:var(--wp--preset--spacing--20)\">\n<h3 class=\"wp-block-heading has-text-align-center is-style-plain has-white-color has-text-color has-link-color has-medium-font-size wp-elements-4951d4b1ab58bef0b005836d27ede7fa\" style=\"padding-top:0;padding-right:var(--wp--preset--spacing--60);padding-bottom:0;padding-left:var(--wp--preset--spacing--60)\">9.8 milliards \u20ac\/an*<\/h3>\n<\/div>\n\n\n\n<p class=\"has-text-align-center has-ast-global-color-5-color has-text-color has-link-color wp-elements-42a676bbaf1620db27e0555421b04355\">Pertes en France par les entreprises d\u00fb \u00e0 une mauvaise gestion des donn\u00e9es<\/p>\n<\/div>\n\n\n\n<div class=\"wp-block-group wp-container-content-d2eb3c98 is-vertical is-content-justification-center is-layout-flex wp-container-core-group-is-layout-e3155fb1 wp-block-group-is-layout-flex\" style=\"border-style:none;border-width:0px;border-radius:25px;padding-top:0;padding-right:0;padding-bottom:0;padding-left:0\">\n<div class=\"wp-block-group alignfull has-border-color has-luminous-vivid-amber-border-color is-layout-flow wp-container-core-group-is-layout-3d59babb wp-block-group-is-layout-flow\" style=\"border-width:2px;border-radius:100px;margin-top:var(--wp--preset--spacing--30);margin-bottom:var(--wp--preset--spacing--30);padding-top:var(--wp--preset--spacing--20);padding-bottom:var(--wp--preset--spacing--20)\">\n<h3 class=\"wp-block-heading has-text-align-center is-style-plain has-white-color has-text-color has-link-color has-medium-font-size wp-elements-6052e152b5c5a60448699a669bcf3a55\" style=\"padding-top:0;padding-right:var(--wp--preset--spacing--60);padding-bottom:0;padding-left:var(--wp--preset--spacing--60)\">6 jours par salari\u00e9*<\/h3>\n<\/div>\n\n\n\n<p class=\"has-text-align-center has-ast-global-color-5-color has-text-color has-link-color wp-elements-db37a03e684718e0bb630547c877066a\">Temps perdu chaque ann\u00e9e caus\u00e9 par une mauvaise gestion des donn\u00e9es<\/p>\n<\/div>\n\n\n\n<div class=\"wp-block-group wp-container-content-d2eb3c98 is-vertical is-content-justification-center is-layout-flex wp-container-core-group-is-layout-e3155fb1 wp-block-group-is-layout-flex\" style=\"border-style:none;border-width:0px;border-radius:25px;padding-top:0;padding-right:0;padding-bottom:0;padding-left:0\">\n<div class=\"wp-block-group alignfull has-border-color has-luminous-vivid-amber-border-color is-layout-flow wp-container-core-group-is-layout-3d59babb wp-block-group-is-layout-flow\" style=\"border-width:2px;border-radius:100px;margin-top:var(--wp--preset--spacing--30);margin-bottom:var(--wp--preset--spacing--30);padding-top:var(--wp--preset--spacing--20);padding-bottom:var(--wp--preset--spacing--20)\">\n<h3 class=\"wp-block-heading is-style-plain has-white-color has-text-color has-link-color has-medium-font-size wp-elements-6f9b184e0eb8bce3c8fc3a485cb55d67\" style=\"padding-top:0;padding-right:var(--wp--preset--spacing--60);padding-bottom:0;padding-left:var(--wp--preset--spacing--60)\">68%*<\/h3>\n<\/div>\n\n\n\n<p class=\"has-text-align-center has-ast-global-color-5-color has-text-color has-link-color wp-elements-c48366988d979d1c0222970fe0a51448\">Part des donn\u00e9es des entreprises qui ne sont pas exploit\u00e9es<\/p>\n<\/div>\n\n\n\n<div class=\"wp-block-group wp-container-content-d2eb3c98 is-vertical is-content-justification-center is-layout-flex wp-container-core-group-is-layout-e3155fb1 wp-block-group-is-layout-flex\" style=\"border-style:none;border-width:0px;border-radius:25px;padding-top:0;padding-right:0;padding-bottom:0;padding-left:0\">\n<div class=\"wp-block-group alignfull has-border-color has-luminous-vivid-amber-border-color is-layout-flow wp-container-core-group-is-layout-3d59babb wp-block-group-is-layout-flow\" style=\"border-width:2px;border-radius:100px;margin-top:var(--wp--preset--spacing--30);margin-bottom:var(--wp--preset--spacing--30);padding-top:var(--wp--preset--spacing--20);padding-bottom:var(--wp--preset--spacing--20)\">\n<h3 class=\"wp-block-heading is-style-plain has-white-color has-text-color has-link-color has-medium-font-size wp-elements-b8e7110a1157fcda664d4d9931aa388d\" style=\"padding-top:0;padding-right:var(--wp--preset--spacing--60);padding-bottom:0;padding-left:var(--wp--preset--spacing--60)\">+ 120%*<\/h3>\n<\/div>\n\n\n\n<p class=\"has-text-align-center has-ast-global-color-5-color has-text-color has-link-color wp-elements-d1106bb6a6de464245a2d0a327ad45f7\">Croissance du revenu des entreprises ayant fortement investi dans l&#8217;analyse et la gestion des donn\u00e9es<\/p>\n<\/div>\n<\/div>\n<\/div>\n\n\n\n<p class=\"has-ast-global-color-5-color has-text-color has-link-color has-small-font-size wp-elements-1790cb51b6a5329ae25a743909c0a6b0\">*Donn\u00e9es les Echos, Qlik, Accenture, Le Monde Informatique<\/p>\n<\/div>\n\n\n\n<div class=\"wp-block-group alignfull is-layout-constrained wp-container-core-group-is-layout-19e250f3 wp-block-group-is-layout-constrained\">\n<h2 class=\"wp-block-heading has-text-align-center has-large-font-size\" style=\"padding-top:0px;padding-bottom:60px\">Visez l&#8217;excellence et l&#8217;efficacit\u00e9 en tirant pleinement parti de vos donn\u00e9es<\/h2>\n\n\n\n<div class=\"wp-block-group is-vertical is-content-justification-center is-layout-flex wp-container-core-group-is-layout-b9ff3421 wp-block-group-is-layout-flex\" style=\"padding-top:0;padding-bottom:0\">\n<div class=\"wp-block-columns is-not-stacked-on-mobile is-layout-flex wp-container-core-columns-is-layout-0ce281b1 wp-block-columns-is-layout-flex\" style=\"margin-top:30px;margin-bottom:30px;padding-top:0px;padding-right:0;padding-bottom:0px;padding-left:0\">\n<div class=\"wp-block-column is-vertically-aligned-center is-layout-flow wp-block-column-is-layout-flow\">\n<figure class=\"wp-block-image alignleft size-large is-resized\"><img loading=\"lazy\" decoding=\"async\" width=\"1024\" height=\"710\" src=\"https:\/\/mcp-data-solutions.fr\/wp-content\/uploads\/2024\/09\/strategie_data-e1725353214333-1024x710.png\" alt=\"\" class=\"wp-image-291\" style=\"width:auto;height:300px\" srcset=\"https:\/\/mcp-data-solutions.fr\/wp-content\/uploads\/2024\/09\/strategie_data-e1725353214333-1024x710.png 1024w, https:\/\/mcp-data-solutions.fr\/wp-content\/uploads\/2024\/09\/strategie_data-e1725353214333-300x208.png 300w, https:\/\/mcp-data-solutions.fr\/wp-content\/uploads\/2024\/09\/strategie_data-e1725353214333-768x532.png 768w, https:\/\/mcp-data-solutions.fr\/wp-content\/uploads\/2024\/09\/strategie_data-e1725353214333-1536x1065.png 1536w, https:\/\/mcp-data-solutions.fr\/wp-content\/uploads\/2024\/09\/strategie_data-e1725353214333-2048x1419.png 2048w\" sizes=\"auto, (max-width: 1024px) 100vw, 1024px\" \/><\/figure>\n<\/div>\n\n\n\n<div class=\"wp-block-column is-vertically-aligned-center is-layout-flow wp-block-column-is-layout-flow\">\n<h2 class=\"wp-block-heading has-text-align-left has-large-font-size\">D\u00e9finir votre strat\u00e9gie data<\/h2>\n\n\n\n<p class=\"has-white-color has-text-color has-link-color wp-elements-2407294d43d7c21ea7c39d8d856e039f\">Assurez une utilisation coh\u00e9rente et une vision globale des donn\u00e9es au sein de votre entreprise. \u00c9tablissez une feuille de route et pr\u00e9parez demain en adoptant une gouvernance de vos donn\u00e9es.<\/p>\n<\/div>\n<\/div>\n\n\n\n<hr class=\"wp-block-separator has-text-color has-ast-global-color-5-color has-alpha-channel-opacity has-ast-global-color-5-background-color has-background\"\/>\n\n\n\n<div class=\"wp-block-columns is-not-stacked-on-mobile is-layout-flex wp-container-core-columns-is-layout-0ce281b1 wp-block-columns-is-layout-flex\" style=\"margin-top:30px;margin-bottom:30px;padding-top:0px;padding-right:0;padding-bottom:0px;padding-left:0\">\n<div class=\"wp-block-column is-vertically-aligned-center is-layout-flow wp-block-column-is-layout-flow\">\n<h2 class=\"wp-block-heading has-text-align-right has-large-font-size\">Collecte des donn\u00e9es<\/h2>\n\n\n\n<p class=\"has-text-align-right has-white-color has-text-color has-link-color wp-elements-c7c9fab77314f061e4a45e24f8616fc6\">Centralisez, enrichissez et fusionnez les donn\u00e9es d&#8217;int\u00e9r\u00eat pour le d\u00e9veloppement de votre business. \u00c9largissez votre base de connaissance en mobilisant de multiples flux de donn\u00e9es.<\/p>\n<\/div>\n\n\n\n<div class=\"wp-block-column is-vertically-aligned-center is-layout-flow wp-block-column-is-layout-flow\">\n<figure class=\"wp-block-image alignright size-large is-resized\"><img loading=\"lazy\" decoding=\"async\" width=\"1024\" height=\"734\" src=\"https:\/\/mcp-data-solutions.fr\/wp-content\/uploads\/2024\/09\/collect_data-e1725353125287-1024x734.png\" alt=\"\" class=\"wp-image-292\" style=\"width:auto;height:300px\" srcset=\"https:\/\/mcp-data-solutions.fr\/wp-content\/uploads\/2024\/09\/collect_data-e1725353125287-1024x734.png 1024w, https:\/\/mcp-data-solutions.fr\/wp-content\/uploads\/2024\/09\/collect_data-e1725353125287-300x215.png 300w, https:\/\/mcp-data-solutions.fr\/wp-content\/uploads\/2024\/09\/collect_data-e1725353125287-768x550.png 768w, https:\/\/mcp-data-solutions.fr\/wp-content\/uploads\/2024\/09\/collect_data-e1725353125287-1536x1101.png 1536w, https:\/\/mcp-data-solutions.fr\/wp-content\/uploads\/2024\/09\/collect_data-e1725353125287.png 2033w\" sizes=\"auto, (max-width: 1024px) 100vw, 1024px\" \/><\/figure>\n<\/div>\n<\/div>\n\n\n\n<hr class=\"wp-block-separator has-text-color has-ast-global-color-5-color has-alpha-channel-opacity has-ast-global-color-5-background-color has-background\"\/>\n\n\n\n<div class=\"wp-block-columns is-not-stacked-on-mobile is-layout-flex wp-container-core-columns-is-layout-0ce281b1 wp-block-columns-is-layout-flex\" style=\"margin-top:30px;margin-bottom:30px;padding-top:0px;padding-right:0;padding-bottom:0px;padding-left:0\">\n<div class=\"wp-block-column is-vertically-aligned-center is-layout-flow wp-block-column-is-layout-flow\">\n<figure class=\"wp-block-image alignleft size-large is-resized\"><img loading=\"lazy\" decoding=\"async\" width=\"1024\" height=\"1024\" src=\"https:\/\/mcp-data-solutions.fr\/wp-content\/uploads\/2024\/09\/prise_decision-e1725353094135-1024x1024.png\" alt=\"\" class=\"wp-image-295\" style=\"width:auto;height:300px\" srcset=\"https:\/\/mcp-data-solutions.fr\/wp-content\/uploads\/2024\/09\/prise_decision-e1725353094135-1024x1024.png 1024w, https:\/\/mcp-data-solutions.fr\/wp-content\/uploads\/2024\/09\/prise_decision-e1725353094135-300x300.png 300w, https:\/\/mcp-data-solutions.fr\/wp-content\/uploads\/2024\/09\/prise_decision-e1725353094135-150x150.png 150w, https:\/\/mcp-data-solutions.fr\/wp-content\/uploads\/2024\/09\/prise_decision-e1725353094135-768x768.png 768w, https:\/\/mcp-data-solutions.fr\/wp-content\/uploads\/2024\/09\/prise_decision-e1725353094135-1536x1536.png 1536w, https:\/\/mcp-data-solutions.fr\/wp-content\/uploads\/2024\/09\/prise_decision-e1725353094135.png 1846w\" sizes=\"auto, (max-width: 1024px) 100vw, 1024px\" \/><\/figure>\n<\/div>\n\n\n\n<div class=\"wp-block-column is-vertically-aligned-center is-layout-flow wp-block-column-is-layout-flow\">\n<h2 class=\"wp-block-heading has-text-align-left has-large-font-size\">Aider \u00e0 la prise de d\u00e9cision<\/h2>\n\n\n\n<p class=\"has-white-color has-text-color has-link-color wp-elements-73490a7aa36d8dc794c1d832b1c4b5b3\">Fiabilisez vos informations pour faciliter la prise de d\u00e9cisions strat\u00e9giques en identifiant rapidement les opportunit\u00e9s et les risques pour votre entreprise. Travaillez de mani\u00e8re plus agile afin d&#8217;accro\u00eetre votre r\u00e9activit\u00e9.<\/p>\n<\/div>\n<\/div>\n\n\n\n<hr class=\"wp-block-separator has-text-color has-ast-global-color-5-color has-alpha-channel-opacity has-ast-global-color-5-background-color has-background\"\/>\n\n\n\n<div class=\"wp-block-columns is-not-stacked-on-mobile is-layout-flex wp-container-core-columns-is-layout-0ce281b1 wp-block-columns-is-layout-flex\" style=\"margin-top:30px;margin-bottom:30px;padding-top:0px;padding-right:0;padding-bottom:0px;padding-left:0\">\n<div class=\"wp-block-column is-vertically-aligned-center is-layout-flow wp-block-column-is-layout-flow\">\n<h2 class=\"wp-block-heading has-text-align-right has-large-font-size\">Automatisation<\/h2>\n\n\n\n<p class=\"has-text-align-right has-white-color has-text-color has-link-color wp-elements-62d9b1f8e174c585fe9b155437d2cd66\">Gagnez du temps, fiabilisez vos processus de gestion de donn\u00e9es et am\u00e9liorez votre efficacit\u00e9 op\u00e9rationnelle en automatisant vos process data. Vos \u00e9quipes se concentreront sur les t\u00e2ches \u00e0 plus haute valeur ajout\u00e9e, renfor\u00e7ant l&#8217;innovation et la comp\u00e9titivit\u00e9 de l&#8217;entreprise.<\/p>\n<\/div>\n\n\n\n<div class=\"wp-block-column is-vertically-aligned-center is-layout-flow wp-block-column-is-layout-flow\">\n<figure class=\"wp-block-image alignright size-large is-resized\"><img loading=\"lazy\" decoding=\"async\" width=\"1024\" height=\"1022\" src=\"https:\/\/mcp-data-solutions.fr\/wp-content\/uploads\/2024\/09\/automatisation_5-1024x1022.png\" alt=\"\" class=\"wp-image-326\" style=\"width:auto;height:300px\" srcset=\"https:\/\/mcp-data-solutions.fr\/wp-content\/uploads\/2024\/09\/automatisation_5-1024x1022.png 1024w, https:\/\/mcp-data-solutions.fr\/wp-content\/uploads\/2024\/09\/automatisation_5-300x300.png 300w, https:\/\/mcp-data-solutions.fr\/wp-content\/uploads\/2024\/09\/automatisation_5-150x150.png 150w, https:\/\/mcp-data-solutions.fr\/wp-content\/uploads\/2024\/09\/automatisation_5-768x767.png 768w, https:\/\/mcp-data-solutions.fr\/wp-content\/uploads\/2024\/09\/automatisation_5-1536x1533.png 1536w, https:\/\/mcp-data-solutions.fr\/wp-content\/uploads\/2024\/09\/automatisation_5-2048x2044.png 2048w\" sizes=\"auto, (max-width: 1024px) 100vw, 1024px\" \/><\/figure>\n<\/div>\n<\/div>\n\n\n\n<hr class=\"wp-block-separator has-text-color has-ast-global-color-5-color has-alpha-channel-opacity has-ast-global-color-5-background-color has-background\"\/>\n\n\n\n<div class=\"wp-block-columns is-not-stacked-on-mobile is-layout-flex wp-container-core-columns-is-layout-0ce281b1 wp-block-columns-is-layout-flex\" style=\"margin-top:30px;margin-bottom:30px;padding-top:0px;padding-right:0;padding-bottom:0px;padding-left:0\">\n<div class=\"wp-block-column is-vertically-aligned-center is-layout-flow wp-block-column-is-layout-flow\">\n<figure class=\"wp-block-image size-large is-resized\"><img loading=\"lazy\" decoding=\"async\" width=\"1024\" height=\"901\" src=\"https:\/\/mcp-data-solutions.fr\/wp-content\/uploads\/2024\/09\/cybersecurity-e1725353053286-1024x901.png\" alt=\"\" class=\"wp-image-293\" style=\"width:auto;height:300px\" srcset=\"https:\/\/mcp-data-solutions.fr\/wp-content\/uploads\/2024\/09\/cybersecurity-e1725353053286-1024x901.png 1024w, https:\/\/mcp-data-solutions.fr\/wp-content\/uploads\/2024\/09\/cybersecurity-e1725353053286-300x264.png 300w, https:\/\/mcp-data-solutions.fr\/wp-content\/uploads\/2024\/09\/cybersecurity-e1725353053286-768x676.png 768w, https:\/\/mcp-data-solutions.fr\/wp-content\/uploads\/2024\/09\/cybersecurity-e1725353053286-1536x1352.png 1536w, https:\/\/mcp-data-solutions.fr\/wp-content\/uploads\/2024\/09\/cybersecurity-e1725353053286.png 1713w\" sizes=\"auto, (max-width: 1024px) 100vw, 1024px\" \/><\/figure>\n<\/div>\n\n\n\n<div class=\"wp-block-column is-vertically-aligned-center is-layout-flow wp-block-column-is-layout-flow\">\n<h2 class=\"wp-block-heading has-text-align-left has-large-font-size\">S\u00e9curiser votre environnement<\/h2>\n\n\n\n<p class=\"has-white-color has-text-color has-link-color wp-elements-ae3660989fa9e4c6e0eb2356231c3f29\">Prot\u00e9gez votre entreprise contre les cyberattaques et les fuites de donn\u00e9es sensibles, pr\u00e9servant ainsi votre r\u00e9putation et la confiance de vos clients. Restez en conformit\u00e9 avec les r\u00e9glementations en vigueur concernant la s\u00e9curisation de vos donn\u00e9es.<\/p>\n<\/div>\n<\/div>\n\n\n\n<hr class=\"wp-block-separator has-text-color has-ast-global-color-5-color has-alpha-channel-opacity has-ast-global-color-5-background-color has-background\"\/>\n\n\n\n<div class=\"wp-block-columns is-not-stacked-on-mobile is-layout-flex wp-container-core-columns-is-layout-0ce281b1 wp-block-columns-is-layout-flex\" style=\"margin-top:30px;margin-bottom:30px;padding-top:0px;padding-right:0;padding-bottom:0px;padding-left:0\">\n<div class=\"wp-block-column is-vertically-aligned-center is-layout-flow wp-block-column-is-layout-flow\">\n<h2 class=\"wp-block-heading has-text-align-right has-large-font-size\">Projets sur mesure<\/h2>\n\n\n\n<p class=\"has-text-align-right has-white-color has-text-color has-link-color wp-elements-889779b73f6929f8217bb2bae08d5509\">Certains besoins de votre entreprise sont sp\u00e9cifiques ? D\u00e9finissons ensemble des solutions innovantes et adapt\u00e9es \u00e0 votre contexte unique.<\/p>\n<\/div>\n\n\n\n<div class=\"wp-block-column is-vertically-aligned-center is-layout-flow wp-block-column-is-layout-flow\">\n<figure class=\"wp-block-image alignright size-large is-resized\"><img loading=\"lazy\" decoding=\"async\" width=\"1024\" height=\"813\" src=\"https:\/\/mcp-data-solutions.fr\/wp-content\/uploads\/2024\/09\/sur_mesure-e1725353154200-1024x813.png\" alt=\"\" class=\"wp-image-296\" style=\"width:auto;height:300px\" srcset=\"https:\/\/mcp-data-solutions.fr\/wp-content\/uploads\/2024\/09\/sur_mesure-e1725353154200-1024x813.png 1024w, https:\/\/mcp-data-solutions.fr\/wp-content\/uploads\/2024\/09\/sur_mesure-e1725353154200-300x238.png 300w, https:\/\/mcp-data-solutions.fr\/wp-content\/uploads\/2024\/09\/sur_mesure-e1725353154200-768x609.png 768w, https:\/\/mcp-data-solutions.fr\/wp-content\/uploads\/2024\/09\/sur_mesure-e1725353154200-1536x1219.png 1536w, https:\/\/mcp-data-solutions.fr\/wp-content\/uploads\/2024\/09\/sur_mesure-e1725353154200.png 2005w\" sizes=\"auto, (max-width: 1024px) 100vw, 1024px\" \/><\/figure>\n<\/div>\n<\/div>\n\n\n\n<hr class=\"wp-block-separator has-text-color has-ast-global-color-5-color has-alpha-channel-opacity has-ast-global-color-5-background-color has-background\"\/>\n\n\n\n<div class=\"wp-block-columns is-not-stacked-on-mobile is-layout-flex wp-container-core-columns-is-layout-0ce281b1 wp-block-columns-is-layout-flex\" style=\"margin-top:30px;margin-bottom:30px;padding-top:0px;padding-right:0;padding-bottom:0px;padding-left:0\">\n<div class=\"wp-block-column is-vertically-aligned-center is-layout-flow wp-block-column-is-layout-flow\">\n<figure class=\"wp-block-image size-large is-resized\"><img loading=\"lazy\" decoding=\"async\" width=\"1024\" height=\"914\" src=\"https:\/\/mcp-data-solutions.fr\/wp-content\/uploads\/2024\/09\/carto-1024x914.png\" alt=\"\" class=\"wp-image-327\" style=\"width:336px;height:auto\" srcset=\"https:\/\/mcp-data-solutions.fr\/wp-content\/uploads\/2024\/09\/carto-1024x914.png 1024w, https:\/\/mcp-data-solutions.fr\/wp-content\/uploads\/2024\/09\/carto-300x268.png 300w, https:\/\/mcp-data-solutions.fr\/wp-content\/uploads\/2024\/09\/carto-768x685.png 768w, https:\/\/mcp-data-solutions.fr\/wp-content\/uploads\/2024\/09\/carto-1536x1371.png 1536w, https:\/\/mcp-data-solutions.fr\/wp-content\/uploads\/2024\/09\/carto-2048x1828.png 2048w\" sizes=\"auto, (max-width: 1024px) 100vw, 1024px\" \/><\/figure>\n<\/div>\n\n\n\n<div class=\"wp-block-column is-vertically-aligned-center is-layout-flow wp-block-column-is-layout-flow\">\n<h2 class=\"wp-block-heading has-text-align-left has-large-font-size\">Donn\u00e9es g\u00e9ospatiales<\/h2>\n\n\n\n<p class=\"has-white-color has-text-color has-link-color wp-elements-c77f1190c8f1c78172bd991e1e38e3a5\">Experts dans la cr\u00e9ation et la diffusion de flux de donn\u00e9es g\u00e9or\u00e9f\u00e9renc\u00e9es, nous proposons des outils adapt\u00e9s \u00e0 l&#8217;exploitation de donn\u00e9es d&#8217;int\u00e9r\u00eats pour les entreprises et les administrations.<\/p>\n<\/div>\n<\/div>\n<\/div>\n<\/div>\n","protected":false},"excerpt":{"rendered":"<p>MCP Data Solutions, le partenaire dans vos projets data Vos donn\u00e9es sont pr\u00e9cieuses, exploitez-les ! MCP Data Solutions vous accompagne [&hellip;]<\/p>\n","protected":false},"author":2,"featured_media":0,"parent":0,"menu_order":0,"comment_status":"closed","ping_status":"closed","template":"","meta":{"site-sidebar-layout":"no-sidebar","site-content-layout":"plain-container","ast-site-content-layout":"","site-content-style":"default","site-sidebar-style":"default","ast-global-header-display":"","ast-banner-title-visibility":"","ast-main-header-display":"","ast-hfb-above-header-display":"","ast-hfb-below-header-display":"","ast-hfb-mobile-header-display":"","site-post-title":"disabled","ast-breadcrumbs-content":"","ast-featured-img":"","footer-sml-layout":"","theme-transparent-header-meta":"enabled","adv-header-id-meta":"","stick-header-meta":"","header-above-stick-meta":"","header-main-stick-meta":"","header-below-stick-meta":"","astra-migrate-meta-layouts":"default","ast-page-background-enabled":"default","ast-page-background-meta":{"desktop":{"background-color":"var(--ast-global-color-4)","background-image":"","background-repeat":"repeat","background-position":"center center","background-size":"auto","background-attachment":"scroll","background-type":"","background-media":"","overlay-type":"","overlay-color":"","overlay-gradient":""},"tablet":{"background-color":"","background-image":"","background-repeat":"repeat","background-position":"center center","background-size":"auto","background-attachment":"scroll","background-type":"","background-media":"","overlay-type":"","overlay-color":"","overlay-gradient":""},"mobile":{"background-color":"","background-image":"","background-repeat":"repeat","background-position":"center center","background-size":"auto","background-attachment":"scroll","background-type":"","background-media":"","overlay-type":"","overlay-color":"","overlay-gradient":""}},"ast-content-background-meta":{"desktop":{"background-color":"var(--ast-global-color-5)","background-image":"","background-repeat":"repeat","background-position":"center center","background-size":"auto","background-attachment":"scroll","background-type":"","background-media":"","overlay-type":"","overlay-color":"","overlay-gradient":""},"tablet":{"background-color":"var(--ast-global-color-5)","background-image":"","background-repeat":"repeat","background-position":"center center","background-size":"auto","background-attachment":"scroll","background-type":"","background-media":"","overlay-type":"","overlay-color":"","overlay-gradient":""},"mobile":{"background-color":"var(--ast-global-color-5)","background-image":"","background-repeat":"repeat","background-position":"center center","background-size":"auto","background-attachment":"scroll","background-type":"","background-media":"","overlay-type":"","overlay-color":"","overlay-gradient":""}},"footnotes":""},"class_list":["post-14","page","type-page","status-publish","hentry"],"_links":{"self":[{"href":"https:\/\/mcp-data-solutions.fr\/index.php\/wp-json\/wp\/v2\/pages\/14","targetHints":{"allow":["GET"]}}],"collection":[{"href":"https:\/\/mcp-data-solutions.fr\/index.php\/wp-json\/wp\/v2\/pages"}],"about":[{"href":"https:\/\/mcp-data-solutions.fr\/index.php\/wp-json\/wp\/v2\/types\/page"}],"author":[{"embeddable":true,"href":"https:\/\/mcp-data-solutions.fr\/index.php\/wp-json\/wp\/v2\/users\/2"}],"replies":[{"embeddable":true,"href":"https:\/\/mcp-data-solutions.fr\/index.php\/wp-json\/wp\/v2\/comments?post=14"}],"version-history":[{"count":123,"href":"https:\/\/mcp-data-solutions.fr\/index.php\/wp-json\/wp\/v2\/pages\/14\/revisions"}],"predecessor-version":[{"id":690,"href":"https:\/\/mcp-data-solutions.fr\/index.php\/wp-json\/wp\/v2\/pages\/14\/revisions\/690"}],"wp:attachment":[{"href":"https:\/\/mcp-data-solutions.fr\/index.php\/wp-json\/wp\/v2\/media?parent=14"}],"curies":[{"name":"wp","href":"https:\/\/api.w.org\/{rel}","templated":true}]}}